{"id":84,"date":"2016-06-22T14:55:30","date_gmt":"2016-06-22T13:55:30","guid":{"rendered":"http:\/\/www.merigault.fr\/?page_id=84"},"modified":"2018-03-16T09:36:49","modified_gmt":"2018-03-16T08:36:49","slug":"expositions","status":"publish","type":"page","link":"http:\/\/www.merigault.fr\/index.php\/expositions\/","title":{"rendered":"EXPOSITIONS"},"content":{"rendered":"<p style=\"text-align: center;\">2018 &#8211; La Tr\u00e9sorerie, Saint Pryv\u00e9 St Mesmin, Exposition personnelle, du 29 Novembre au 09 D\u00e9cembre<\/p>\n<p style=\"text-align: center;\">2018 &#8211; Salon des Artistes Orl\u00e9anais &#8211; du 19 Octobre au 04 Novembre<\/p>\n<p style=\"text-align: center;\">2018 &#8211; Galerie Espace 44, Bruxelles &#8211; du 20 au 22 Avril<\/p>\n<p style=\"text-align: center;\">2018 &#8211; Les amis de Montmartre &#8211; Du 5 au 25 Mars<\/p>\n<p style=\"text-align: center;\">2017 &#8211; L&rsquo;art Ancien &#8211; du 11 Novembre au 02 D\u00e9cembre<\/p>\n<p style=\"text-align: center;\">2017 &#8211; Salon des Artistes Orl\u00e9anais<\/p>\n<p style=\"text-align: center;\">2017 &#8211; Invit\u00e9 d&rsquo;honneur au March\u00e9 des Arts<\/p>\n<p style=\"text-align: center;\">2016 &#8211; Ch\u00e2teau de Saine Jean le Blanc &#8211; Novembre (date \u00e0 venir)\u00a0&#8211; Galerie Gil Bastide<\/p>\n<p style=\"text-align: center;\">2016 &#8211; Salon des Artistes Orl\u00e9anais &#8211; du 16 au 25 Septembre<\/p>\n<p style=\"text-align: center;\">2016 &#8211; Invit\u00e9 d&rsquo;honneur &#8211; Saint Denis en Val &#8211; du 13 au 16 Octobre<\/p>\n<p style=\"text-align: center;\">2016 &#8211; Atelier Gustave, Paris &#8211; du 24 au 30 Octobre<\/p>\n<p style=\"text-align: center;\">2016 &#8211; Les Sables d&rsquo;Olonne<\/p>\n<p style=\"text-align: center;\">2015 &#8211; Exposition sur le Japon &#8211; Domaine de la Tr\u00e9sorerie, Saint Priv\u00e9 Saint Mesmin<\/p>\n<p style=\"text-align: center;\">2012 &#8211; En coulisses &#8211; Galerie Gil Bastide, Orl\u00e9ans<\/p>\n<p style=\"text-align: center;\">2009 &#8211; New York &#8211;\u00a0Galerie Gil Bastide, Orl\u00e9ans<\/p>\n<p style=\"text-align: center;\">2006 &#8211; Pays Dogon &#8211;\u00a0Galerie Gil Bastide, Orl\u00e9ans<\/p>\n","protected":false},"excerpt":{"rendered":"<p>2018 &#8211; La Tr\u00e9sorerie, Saint Pryv\u00e9 St Mesmin, Exposition personnelle, du 29 Novembre au 09 D\u00e9cembre 2018 &#8211; Salon des Artistes Orl\u00e9anais &#8211; du 19 Octobre au 04 Novembre 2018 &#8211; Galerie Espace 44, Bruxelles &#8211; du 20 au 22 Avril 2018 &#8211; Les amis de Montmartre &#8211; Du 5 au 25 Mars 2017 &#8211; [&hellip;]<\/p>\n","protected":false},"author":1,"featured_media":0,"parent":0,"menu_order":0,"comment_status":"closed","ping_status":"closed","template":"","meta":{"spay_email":"","_links_to":"","_links_to_target":""},"jetpack_shortlink":"https:\/\/wp.me\/P7F2l5-1m","_links":{"self":[{"href":"http:\/\/www.merigault.fr\/index.php\/wp-json\/wp\/v2\/pages\/84"}],"collection":[{"href":"http:\/\/www.merigault.fr\/index.php\/wp-json\/wp\/v2\/pages"}],"about":[{"href":"http:\/\/www.merigault.fr\/index.php\/wp-json\/wp\/v2\/types\/page"}],"author":[{"embeddable":true,"href":"http:\/\/www.merigault.fr\/index.php\/wp-json\/wp\/v2\/users\/1"}],"replies":[{"embeddable":true,"href":"http:\/\/www.merigault.fr\/index.php\/wp-json\/wp\/v2\/comments?post=84"}],"version-history":[{"count":3,"href":"http:\/\/www.merigault.fr\/index.php\/wp-json\/wp\/v2\/pages\/84\/revisions"}],"predecessor-version":[{"id":438,"href":"http:\/\/www.merigault.fr\/index.php\/wp-json\/wp\/v2\/pages\/84\/revisions\/438"}],"wp:attachment":[{"href":"http:\/\/www.merigault.fr\/index.php\/wp-json\/wp\/v2\/media?parent=84"}],"curies":[{"name":"wp","href":"https:\/\/api.w.org\/{rel}","templated":true}]}}